6*d + 8*d - g = 0. What is j(d)?
-8
Let y(p) = 2*p**2 - p + 1. Let m(t) = 11*t**2 + 2*t + 7. Let o(j) = m(j) - 6*y(j). Determine o(8).
1
Suppose 6*r - 3*r = 15. Let t(i) = 3*i**3 - 28*i**2 + 42*i - 2. Let l(n) = n**3 - 9*n**2 + 13*n. Let x(q) = 10*l(q) - 3*t(q). Calculate x(r).
1
Suppose -i - 2*u - 5 = 0, -4*i = u - 5*u + 20. Let f(j) = -j**2 - 4*j - 8. Calculate f(i).
-13
Suppose -32*y + 343 = 17*y. Let h(k) = -3*k + 31. Calculate h(y).
10
Let v = 10 + -5. Let n(t) = t**3 + v*t**2 + 2*t - t + 6*t**2 - 10*t**2. What is n(-2)?
-6
Let b(v) = 4*v - 1. Let l(g) = -4*g + 2 + 0 - g. Let x(f) = -4*b(f) - 3*l(f). Let h(n) = 5*n - 35. Let t be h(6). Determine x(t).
3
Let u be (-8)/(-12)*-6*(-9)/(-6). Let z(j) be the second derivative of j**3/6 + 5*j**2 - 24*j. Give z(u).
4
Let r(x) be the first derivative of -x**3/3 + 3*x - 1. Let p be (-3)/((-6)/(-14)*63/90). Let j = -10 - p. Give r(j).
3
Let m = -15 + 10. Let v(w) = -7*w**3 + 17*w**2 - 10*w - 9. Let p(n) = -4*n**3 + 9*n**2 - 5*n - 5. Let b(f) = m*p(f) + 3*v(f). Calculate b(5).
-2
Suppose -2*h + 0*r - 3 = -3*r, -2*h - 1 = -r. Let l(p) = p + 21. Let i(u) = -u - 24. Let o(f) = -6*i(f) - 7*l(f). What is o(h)?
-3
Let h(o) be the first derivative of 1/4*o**5 + 1/6*o**3 - 13/2*o**2 - 14 - 1/12*o**4 + 0*o. Let m(l) be the second derivative of h(l). Calculate m(1).
14
Let r(h) = 304*h**2 - 1 - 301*h**2 - 2*h - 1. Let u be 1/3 - 11/(-3). Suppose u*i = -8 - 0. Determine r(i).
14
Let c(j) = 22*j + 4. Let x(t) = 10*t + 3. Let h(s) = -4*c(s) + 9*x(s). What is h(12)?
35
Let j(v) = v**3 - 2*v**2 - 5*v + 3. Let z(y) = y**2 + 3*y + 8. Let b be z(-6). Suppose 8*r = 6 + b. What is j(r)?
15
Let b(f) be the second derivative of -f**5/60 - f**4/3 + f**3/3 - 20*f**2 + 10*f. Let p(m) be the second derivative of b(m). Determine p(7).
-22
Let d(u) be the third derivative of -u**7/840 + u**6/90 + u**5/20 - u**4/12 + 4*u**3/3 + 3*u**2. Let z(c) be the first derivative of d(c). Give z(5).
3
Let n(c) = c**3 - 5*c**2 - 2*c + 4. Let i(d) be the first derivative of d**3/3 - 3*d**2 + 5*d + 5. Let j = 9 - 3. Let b be i(j). Calculate n(b).
-6
Let v(f) = -4*f. Suppose 0 = 4*c + 2*c - 12. Suppose 22 = c*w + w + 5*k, -12 = -w - 4*k. Suppose -z + t = z - 2, -w*z + 4 = t. Calculate v(z).
-4
Let k(z) = -3*z**3 + z**2 - z - 1. Let x(v) = 5*v**3 + 6*v**2 - 7*v + 12. Let p(d) = 2*k(d) + x(d). Determine p(7).
-4
Let k(l) = 3*l. Let h be (-2)/3 + 99/27. Suppose 4 = h*v + 19. Give k(v).
-15
Let x(d) = 35*d. Let u(p) = p**3 + 61*p**2 + 59*p - 61. Let g be u(-60). Give x(g).
-35
Let l(g) = -6 + 11 + g + g**2 - 9*g - 1. Determine l(5).
-11
Let w(d) = -d**3 + 3*d**2 + 6*d - 4. Let y be 48/7 - 6/(-42). Suppose 4*r - y - 9 = 0. What is w(r)?
4
Let g(h) be the third derivative of -1/60*h**5 + 0 + 0*h + 5/3*h**3 - 1/3*h**4 - 12*h**2. Give g(-9).
1
Suppose -5*w = 5*s - 35, -3 = w - 2*w - 5*s. Let y(g) = -5*g**3 + 3*g**2 + g + 3. Let p(m) = -m**3 - m**2 - 2*m. Let b(z) = 4*p(z) - y(z). Determine b(w).
-11
Suppose -2*p - 3*f - 6 = 0, 6 = -p + 6*f - 9*f. Let x(y) be the second derivative of 0 - 1/12*y**4 - 2*y - 1/3*y**3 + p*y**2. What is x(-1)?
1
Let k(f) = -4*f**2 - 5*f + 11. Let s(i) = 9*i**2 + 10*i - 21. Let l(v) = 7*k(v) + 3*s(v). Let y(j) be the first derivative of l(j). Give y(-6).
7
Let m(o) = -o**2 + 10*o - 8. Let x be m(7). Suppose -3*t + 4*j = x, -2*t + 3*t - 9 = -2*j. Let g(i) = -4 + 1 + i + 2 + i + 2. What is g(t)?
3
Let h = 113 + -193. Let s = 78 + h. Let t(r) = 2*r + 2*r - 5*r + 2. What is t(s)?
4
Let z(l) be the first derivative of l**3/3 + 5*l**2/2 - 2*l - 2. Let v = 66 - 52. Let g = v + -20. Give z(g).
4
Let n(f) = 0 - f - 5 - 23 + 4*f**2 - f**3 + 20. What is n(4)?
-12
Suppose -7*x - 1330 = 7*x. Let b = x + 103. Let m(d) = -d**3 + 9*d**2 - 7*d - 5. Determine m(b).
3
Let x = 142 - 4. Let t(a) = -1 + 2*a**3 + x*a**2 + 5*a**3 - 136*a**2. What is t(-1)?
-6
Let m(p) = 2627*p + 0 - p**3 - 2626*p - 4*p**2 - 5. Suppose -z - 6 = x + z, 5*z + 9 = -x. What is m(x)?
-9
Let d(q) = -9*q**2 - 12*q - 3. Let p(n) = -7*n**2 - 11*n - 3. Let r(h) = 4*d(h) - 5*p(h). Give r(5).
13
Suppose -360*y = -367*y. Let v(u) be the second derivative of -7*u - 1/6*u**3 + y - 1/2*u**2 - 7/12*u**4. Determine v(-1).
-7
Let a(g) = 17*g**3 + 7*g**2 - 3*g + 6. Let q(l) = -10*l**3 - 4*l**2 + 2*l - 3. Let z(f) = -3*a(f) - 5*q(f). Determine z(0).
-3
Suppose -3*d + 278 = 275. Let o(m) = -8*m**2 + 2*m - 3. Let y(h) = -6 + h + 3 + 1 - 7*h**2. Let l(r) = -3*o(r) + 4*y(r). Determine l(d).
-5
Let p = 146 - 150. Let i(g) be the second derivative of -1/2*g**2 - 2/3*g**3 + 0 - 1/12*g**4 + 4*g. What is i(p)?
-1
Suppose -4*g = -45 + 49. Let o(z) = -19*z**3 - 2*z - 1. Determine o(g).
20
Let a(d) be the second derivative of -17*d**3/3 + d**2/2 + 119*d. Calculate a(1).
-33
Let d(t) = -1 - 1 + 3. Let p(q) = q - 15. Let o(m) = m - 14. Let b(a) = 6*o(a) - 5*p(a). Let z(v) = -b(v) - 6*d(v). Calculate z(-5).
8
Let k(j) be the third derivative of -31*j**4/24 - 13*j**3/3 + 9*j**2. Let a be k(-14). Let f(t) = -408 + 10*t + a. Calculate f(1).
10
Let k(c) = -4*c + 2. Let d(n) = -5*n**3 + 2*n**2 + 2*n - 1. Let b be d(2). Let j = -24 - b. Suppose 4*m + j*o - 17 = 0, 3*m = m - 3*o + 9. Give k(m).
-10
Let r(l) = -2*l. Let j be 24/(-24) + (-1 - -2). Let z(g) = -g**2 - g - 5. Let c be z(j). Calculate r(c).
10
Suppose 25 - 6 = -3*k + 5*n, 5 = n. Let b(f) = 1 - 42*f**k + 41*f**2 + 1 + 4*f. Let r(o) = 3*o**2 - 17*o - 1. Let y be r(6). What is b(y)?
-3
Let w(s) = -7*s**2 - 2 + 71*s**3 - 3 - 40*s**3 - 32*s**3. Give w(-7).
-5
Let k(w) be the second derivative of -w**4/12 - w**2 + w. Let x be 0 + 1 + -14 + 2. Let d be (-13)/(858/120) + 2/x. Give k(d).
-6
Let x be (23 + -19)*2/2. Suppose 0 = -2*w - x*v - 5 + 11, 0 = -5*v + 15. Let u(b) = -b**3 - 3*b**2 - b - 3. Calculate u(w).
0
Suppose -12 = -4*q - 0. Let k(t) = q*t - t + 2 + t. Determine k(-4).
-10
Let r(p) = 2*p**2 - 6*p + 3. Let f be r(2). Let a(k) = -41*k**3 + 2*k**2 - 1. What is a(f)?
42
Let p be (-6)/4*(-30)/9. Suppose h = 3*w + 10, -3*h - 21 = 5*w + p. Let x(q) = -5*q + 8*q - 4*q + 2*q**2 - q**3 - 7*q**2. What is x(w)?
-12
Suppose -x - 3*x = -20. Let g(i) = -8*i**2 - 2*i + 10*i**2 + x*i - 2. Let f be g(-2). Let c(r) = r**2 + 11. Determine c(f).
11
Suppose -244*d + 247*d = 30. Let k(c) = -5*c + 4. Calculate k(d).
-46
Let v(z) be the second derivative of -z**3/6 + 4*z**2 + z + 56. Give v(0).
8
Let l(k) = -23*k + 4. Let h(m) = -36*m + 6. Let y(b) = 5*h(b) - 8*l(b). Calculate y(2).
6
Let t = -4 - 3. Let k(v) = -v + 3. What is k(t)?
10
Let h(p) = 30*p**3 + 2*p**2 - 2*p + 1. Let m be 11/(88/32) + -3. Give h(m).
31
Let o = 1183/10 - 473/4. Let a(x) be the third derivative of 0 - o*x**5 - 1/24*x**4 - 5*x**2 + 1/120*x**6 + 2/3*x**3 + 0*x. Calculate a(3).
1
Let j(d) be the second derivative of -d**5/60 - 7*d**4/24 - 2*d**3/3 - 13*d**2 - 21*d. Let q(n) be the first derivative of j(n). What is q(-7)?
-4
Let p(c) = -c**3 + 5*c**2 + 23*c - 56. Let w be p(7). Let s(z) = -3*z + 3. Determine s(w).
-18
Let o(l) = -11*l + 8. Let k(s) = -5*s + 4. Let a(y) = 13*k(y) - 6*o(y). Calculate a(0).
4
Let q(t) be the first derivative of 1/2*t**2 - 13 + 1/3*t**3 - 5*t. Suppose -2*v - 5*z = -2, 3*v + 16 = -0*v + 2*z. What is q(v)?
7
Suppose 4*x - 2 = 22. Let z(s) = 43*s - 14. Let c(k) = -15*k + 5. Let a(p) = 17*c(p) + 6*z(p). Determine a(x).
19
Suppose -2*w = -3*i - 11, -17 = 5*i - 3*w - 0. Let r(p) = -18*p**3 + p. Calculate r(i).
17
Let q = 0 + 0. Let r(o) = 7 + 2*o - 6*o**2 + q*o**3 + 0*o**2 + o**3. Suppose -2*c = 2, -922*c = -4*h - 924*c + 18. What is r(h)?
-8
Suppose 5 = c - 0*c. Suppose 0 = -c*s + s - 8. Let v(q) = 0 - 11 + 4*q + 10 + 0 + 2. Calculate v(s).
-7
Let a = 102 - 105. Let v(i) = i**2 - i - 4. What is v(a)?
8
Let i be 3*13*(-1 + -11). Let d be (i/3)/(-4)*1. Let n(f) = d*f**3 - 22*f**3 + f**2 - f - 22*f**3. Give n(1).
-5
Let d(b) = b**2 + 7*b + 1. Let f = -1 - -2. Suppose -5 = 5*x, -f = 3*a - 2*x + 18. Let v be d(a). Let p(c) = 5*c**3 - 2*c + 1. Give p(v).
4
Let l = 85 + -81. Suppose 0 = 6*t - 32 - l. Let n(w) = -w**2 + 3*w - 9. Determine n(t).
-27
Let m(g) = -2*g**2 - 11*g - 6. Let l be m(-4). Let j = l + -1. Let a(u) = 4 + j - 1 + 2*u. Calculate a(-6).
-4
Let c(b) = b**3 - 4*b**2 + 3*b. Suppose -8*x + 4*x = -12. Suppose -2*u - 8 = -2*z, 5*u + x = 4*z - 15. What is c(z)?
-2
